{"id":74,"date":"2013-08-23T12:19:16","date_gmt":"2013-08-23T12:19:16","guid":{"rendered":"http:\/\/www.norn.is\/birta\/?page_id=74"},"modified":"2013-09-09T09:24:22","modified_gmt":"2013-09-09T09:24:22","slug":"um-birtu","status":"publish","type":"page","link":"https:\/\/www.norn.is\/birta\/um-birtu\/","title":{"rendered":"Birta"},"content":{"rendered":"<p><a href=\"http:\/\/www.norn.is\/birta\/wp-content\/uploads\/sites\/4\/2013\/08\/406765_10151206111307963_24614667_n.jpg\"><img loading=\"lazy\" decoding=\"async\" class=\"alignleft size-thumbnail wp-image-98\" alt=\"406765_10151206111307963_24614667_n\" src=\"http:\/\/www.norn.is\/birta\/wp-content\/uploads\/sites\/4\/2013\/08\/406765_10151206111307963_24614667_n-150x150.jpg\" width=\"150\" height=\"150\" srcset=\"https:\/\/www.norn.is\/birta\/wp-content\/uploads\/sites\/4\/2013\/08\/406765_10151206111307963_24614667_n-150x150.jpg 150w, https:\/\/www.norn.is\/birta\/wp-content\/uploads\/sites\/4\/2013\/08\/406765_10151206111307963_24614667_n.jpg 160w\" sizes=\"auto, (max-width: 150px) 100vw, 150px\" \/><\/a>K\u00e6ri lesandi<\/p>\n<p>Takk fyrir a\u00f0 heims\u00e6kja vefsv\u00e6\u00f0i\u00f0 mitt norn.is. \u00deessi s\u00ed\u00f0a heitir Birta. H\u00e9r birti \u00e9g lj\u00f3\u00f0, s\u00f6ngtexta, lj\u00f3\u00f0a\u00fe\u00fd\u00f0ingar og sm\u00e1s\u00f6gur. Til a\u00f0 byrja me\u00f0 ver\u00f0ur h\u00e9r a\u00f0allega gamalt efni sem \u00e1\u00f0ur hefur birst \u00e1 blogginu m\u00edu og \u00ed b\u00f3kum m\u00ednum <a href=\"http:\/\/www.amazon.com\/Fugl-gr%C3%A6num-heimi-Icelandic-Edition\/dp\/1413732003\">Fugl \u00ed gr\u00e6num heimi<\/a> og <a href=\"http:\/\/www.skrudda.is\/baekur.aspx?id=193\">Ekki lita \u00fat fyrir<\/a>.<\/p>\n<p>Listamenn sem hafa \u00e1huga \u00e1 a\u00f0 vinna me\u00f0 m\u00e9r, nota texta fr\u00e1 m\u00e9r e\u00f0a f\u00e1 mig til a\u00f0 skrifa e\u00f0a \u00fe\u00fd\u00f0a s\u00f6ngtexta eru hvattir til a\u00f0 hafa samband. Netfangi\u00f0 er eva@norn.is<\/p>\n","protected":false},"excerpt":{"rendered":"<p>K\u00e6ri lesandi Takk fyrir a\u00f0 heims\u00e6kja vefsv\u00e6\u00f0i\u00f0 mitt norn.is. \u00deessi s\u00ed\u00f0a heitir Birta. H\u00e9r birti \u00e9g lj\u00f3\u00f0, s\u00f6ngtexta, lj\u00f3\u00f0a\u00fe\u00fd\u00f0ingar og sm\u00e1s\u00f6gur. Til a\u00f0 byrja me\u00f0 ver\u00f0ur h\u00e9r a\u00f0allega gamalt efni sem \u00e1\u00f0ur hefur birst \u00e1 blogginu m\u00edu og \u00ed b\u00f3kum &hellip; <a href=\"https:\/\/www.norn.is\/birta\/um-birtu\/\">Halda \u00e1fram a\u00f0 lesa <span class=\"meta-nav\">&rarr;<\/span><\/a><\/p>\n","protected":false},"author":2,"featured_media":0,"parent":0,"menu_order":2,"comment_status":"closed","ping_status":"closed","template":"","meta":{"footnotes":""},"class_list":["post-74","page","type-page","status-publish","hentry"],"yoast_head":"<!-- This site is optimized with the Yoast SEO plugin v27.4 - https:\/\/yoast.com\/product\/yoast-seo-wordpress\/ -->\n<title>Birta - Birta<\/title>\n<meta name=\"robots\" content=\"index, follow, max-snippet:-1, max-image-preview:large, max-video-preview:-1\" \/>\n<link rel=\"canonical\" href=\"https:\/\/www.norn.is\/birta\/um-birtu\/\" \/>\n<meta property=\"og:locale\" content=\"is_IS\" \/>\n<meta property=\"og:type\" content=\"article\" \/>\n<meta property=\"og:title\" content=\"Birta - Birta\" \/>\n<meta property=\"og:description\" content=\"K\u00e6ri lesandi Takk fyrir a\u00f0 heims\u00e6kja vefsv\u00e6\u00f0i\u00f0 mitt norn.is. \u00deessi s\u00ed\u00f0a heitir Birta. H\u00e9r birti \u00e9g lj\u00f3\u00f0, s\u00f6ngtexta, lj\u00f3\u00f0a\u00fe\u00fd\u00f0ingar og sm\u00e1s\u00f6gur. Til a\u00f0 byrja me\u00f0 ver\u00f0ur h\u00e9r a\u00f0allega gamalt efni sem \u00e1\u00f0ur hefur birst \u00e1 blogginu m\u00edu og \u00ed b\u00f3kum &hellip; Halda \u00e1fram a\u00f0 lesa &rarr;\" \/>\n<meta property=\"og:url\" content=\"https:\/\/www.norn.is\/birta\/um-birtu\/\" \/>\n<meta property=\"og:site_name\" content=\"Birta\" \/>\n<meta property=\"article:modified_time\" content=\"2013-09-09T09:24:22+00:00\" \/>\n<meta property=\"og:image\" content=\"http:\/\/www.norn.is\/birta\/wp-content\/uploads\/sites\/4\/2013\/08\/406765_10151206111307963_24614667_n-150x150.jpg\" \/>\n<meta name=\"twitter:card\" content=\"summary_large_image\" \/>\n<meta name=\"twitter:label1\" content=\"Est. reading time\" \/>\n\t<meta name=\"twitter:data1\" content=\"1 minute\" \/>\n<script type=\"application\/ld+json\" class=\"yoast-schema-graph\">{\"@context\":\"https:\\\/\\\/schema.org\",\"@graph\":[{\"@type\":\"WebPage\",\"@id\":\"https:\\\/\\\/www.norn.is\\\/birta\\\/um-birtu\\\/\",\"url\":\"https:\\\/\\\/www.norn.is\\\/birta\\\/um-birtu\\\/\",\"name\":\"Birta - Birta\",\"isPartOf\":{\"@id\":\"https:\\\/\\\/www.norn.is\\\/birta\\\/#website\"},\"primaryImageOfPage\":{\"@id\":\"https:\\\/\\\/www.norn.is\\\/birta\\\/um-birtu\\\/#primaryimage\"},\"image\":{\"@id\":\"https:\\\/\\\/www.norn.is\\\/birta\\\/um-birtu\\\/#primaryimage\"},\"thumbnailUrl\":\"http:\\\/\\\/www.norn.is\\\/birta\\\/wp-content\\\/uploads\\\/sites\\\/4\\\/2013\\\/08\\\/406765_10151206111307963_24614667_n-150x150.jpg\",\"datePublished\":\"2013-08-23T12:19:16+00:00\",\"dateModified\":\"2013-09-09T09:24:22+00:00\",\"breadcrumb\":{\"@id\":\"https:\\\/\\\/www.norn.is\\\/birta\\\/um-birtu\\\/#breadcrumb\"},\"inLanguage\":\"is\",\"potentialAction\":[{\"@type\":\"ReadAction\",\"target\":[\"https:\\\/\\\/www.norn.is\\\/birta\\\/um-birtu\\\/\"]}]},{\"@type\":\"ImageObject\",\"inLanguage\":\"is\",\"@id\":\"https:\\\/\\\/www.norn.is\\\/birta\\\/um-birtu\\\/#primaryimage\",\"url\":\"http:\\\/\\\/www.norn.is\\\/birta\\\/wp-content\\\/uploads\\\/sites\\\/4\\\/2013\\\/08\\\/406765_10151206111307963_24614667_n-150x150.jpg\",\"contentUrl\":\"http:\\\/\\\/www.norn.is\\\/birta\\\/wp-content\\\/uploads\\\/sites\\\/4\\\/2013\\\/08\\\/406765_10151206111307963_24614667_n-150x150.jpg\"},{\"@type\":\"BreadcrumbList\",\"@id\":\"https:\\\/\\\/www.norn.is\\\/birta\\\/um-birtu\\\/#breadcrumb\",\"itemListElement\":[{\"@type\":\"ListItem\",\"position\":1,\"name\":\"Home\",\"item\":\"https:\\\/\\\/www.norn.is\\\/birta\\\/\"},{\"@type\":\"ListItem\",\"position\":2,\"name\":\"Birta\"}]},{\"@type\":\"WebSite\",\"@id\":\"https:\\\/\\\/www.norn.is\\\/birta\\\/#website\",\"url\":\"https:\\\/\\\/www.norn.is\\\/birta\\\/\",\"name\":\"Birta\",\"description\":\"Evukv\u00e6\u00f0i\",\"potentialAction\":[{\"@type\":\"SearchAction\",\"target\":{\"@type\":\"EntryPoint\",\"urlTemplate\":\"https:\\\/\\\/www.norn.is\\\/birta\\\/?s={search_term_string}\"},\"query-input\":{\"@type\":\"PropertyValueSpecification\",\"valueRequired\":true,\"valueName\":\"search_term_string\"}}],\"inLanguage\":\"is\"}]}<\/script>\n<!-- \/ Yoast SEO plugin. -->","yoast_head_json":{"title":"Birta - Birta","robots":{"index":"index","follow":"follow","max-snippet":"max-snippet:-1","max-image-preview":"max-image-preview:large","max-video-preview":"max-video-preview:-1"},"canonical":"https:\/\/www.norn.is\/birta\/um-birtu\/","og_locale":"is_IS","og_type":"article","og_title":"Birta - Birta","og_description":"K\u00e6ri lesandi Takk fyrir a\u00f0 heims\u00e6kja vefsv\u00e6\u00f0i\u00f0 mitt norn.is. \u00deessi s\u00ed\u00f0a heitir Birta. H\u00e9r birti \u00e9g lj\u00f3\u00f0, s\u00f6ngtexta, lj\u00f3\u00f0a\u00fe\u00fd\u00f0ingar og sm\u00e1s\u00f6gur. Til a\u00f0 byrja me\u00f0 ver\u00f0ur h\u00e9r a\u00f0allega gamalt efni sem \u00e1\u00f0ur hefur birst \u00e1 blogginu m\u00edu og \u00ed b\u00f3kum &hellip; Halda \u00e1fram a\u00f0 lesa &rarr;","og_url":"https:\/\/www.norn.is\/birta\/um-birtu\/","og_site_name":"Birta","article_modified_time":"2013-09-09T09:24:22+00:00","og_image":[{"url":"http:\/\/www.norn.is\/birta\/wp-content\/uploads\/sites\/4\/2013\/08\/406765_10151206111307963_24614667_n-150x150.jpg","type":"","width":"","height":""}],"twitter_card":"summary_large_image","twitter_misc":{"Est. reading time":"1 minute"},"schema":{"@context":"https:\/\/schema.org","@graph":[{"@type":"WebPage","@id":"https:\/\/www.norn.is\/birta\/um-birtu\/","url":"https:\/\/www.norn.is\/birta\/um-birtu\/","name":"Birta - Birta","isPartOf":{"@id":"https:\/\/www.norn.is\/birta\/#website"},"primaryImageOfPage":{"@id":"https:\/\/www.norn.is\/birta\/um-birtu\/#primaryimage"},"image":{"@id":"https:\/\/www.norn.is\/birta\/um-birtu\/#primaryimage"},"thumbnailUrl":"http:\/\/www.norn.is\/birta\/wp-content\/uploads\/sites\/4\/2013\/08\/406765_10151206111307963_24614667_n-150x150.jpg","datePublished":"2013-08-23T12:19:16+00:00","dateModified":"2013-09-09T09:24:22+00:00","breadcrumb":{"@id":"https:\/\/www.norn.is\/birta\/um-birtu\/#breadcrumb"},"inLanguage":"is","potentialAction":[{"@type":"ReadAction","target":["https:\/\/www.norn.is\/birta\/um-birtu\/"]}]},{"@type":"ImageObject","inLanguage":"is","@id":"https:\/\/www.norn.is\/birta\/um-birtu\/#primaryimage","url":"http:\/\/www.norn.is\/birta\/wp-content\/uploads\/sites\/4\/2013\/08\/406765_10151206111307963_24614667_n-150x150.jpg","contentUrl":"http:\/\/www.norn.is\/birta\/wp-content\/uploads\/sites\/4\/2013\/08\/406765_10151206111307963_24614667_n-150x150.jpg"},{"@type":"BreadcrumbList","@id":"https:\/\/www.norn.is\/birta\/um-birtu\/#breadcrumb","itemListElement":[{"@type":"ListItem","position":1,"name":"Home","item":"https:\/\/www.norn.is\/birta\/"},{"@type":"ListItem","position":2,"name":"Birta"}]},{"@type":"WebSite","@id":"https:\/\/www.norn.is\/birta\/#website","url":"https:\/\/www.norn.is\/birta\/","name":"Birta","description":"Evukv\u00e6\u00f0i","potentialAction":[{"@type":"SearchAction","target":{"@type":"EntryPoint","urlTemplate":"https:\/\/www.norn.is\/birta\/?s={search_term_string}"},"query-input":{"@type":"PropertyValueSpecification","valueRequired":true,"valueName":"search_term_string"}}],"inLanguage":"is"}]}},"_links":{"self":[{"href":"https:\/\/www.norn.is\/birta\/wp-json\/wp\/v2\/pages\/74","targetHints":{"allow":["GET"]}}],"collection":[{"href":"https:\/\/www.norn.is\/birta\/wp-json\/wp\/v2\/pages"}],"about":[{"href":"https:\/\/www.norn.is\/birta\/wp-json\/wp\/v2\/types\/page"}],"author":[{"embeddable":true,"href":"https:\/\/www.norn.is\/birta\/wp-json\/wp\/v2\/users\/2"}],"replies":[{"embeddable":true,"href":"https:\/\/www.norn.is\/birta\/wp-json\/wp\/v2\/comments?post=74"}],"version-history":[{"count":7,"href":"https:\/\/www.norn.is\/birta\/wp-json\/wp\/v2\/pages\/74\/revisions"}],"predecessor-version":[{"id":136,"href":"https:\/\/www.norn.is\/birta\/wp-json\/wp\/v2\/pages\/74\/revisions\/136"}],"wp:attachment":[{"href":"https:\/\/www.norn.is\/birta\/wp-json\/wp\/v2\/media?parent=74"}],"curies":[{"name":"wp","href":"https:\/\/api.w.org\/{rel}","templated":true}]}}